559209 composite?
False
Is 48264121 a prime number?
True
Is 12866261 prime?
True
Is 3529997 a prime number?
True
Is 604885 a composite number?
True
Is 4650253 a prime number?
True
Is 451 a prime number?
False
Is 29319753 composite?
True
Is 666103771 a composite number?
False
Is 38667257 composite?
True
Is 3836977 composite?
False
Is 44270059 a composite number?
False
Is 3350107 composite?
False
Is 50820787 composite?
True
Is 205863103 a composite number?
True
Is 2576293 prime?
True
Is 73488013 composite?
True
Is 79481 composite?
False
Is 2997209 composite?
False
Is 2498641 composite?
False
Is 31661161 prime?
False
Is 24650317 composite?
False
Is 42098629 a composite number?
False
Is 244291 prime?
True
Is 8362747 a composite number?
False
Is 2156267 composite?
True
Is 3730645 prime?
False
Is 212685959 composite?
False
Is 9461 composite?
False
Is 37341271 a composite number?
True
Is 185094857 prime?
True
Is 5565163 prime?
True
Is 2100031 composite?
False
Is 2193127 prime?
True
Is 971191 composite?
True
Is 3755429 a prime number?
True
Is 1975115 prime?
False
Is 159287 prime?
True
Is 1902853 composite?
True
Is 5568613 composite?
False
Is 6622039 a prime number?
False
Is 1207399 a composite number?
True
Is 2198747 prime?
True
Is 2221199 a prime number?
False
Is 253237001 a prime number?
False
Is 426883 a composite number?
True
Is 34069331 prime?
True
Is 10893871 composite?
False
Is 14582147 a composite number?
False
Is 2304179 composite?
False
Is 803113 a prime number?
False
Is 321424459 a prime number?
False
Is 26516767 a prime number?
False
Is 140302229 a composite number?
False
Is 1466189 prime?
False
Is 11861191 a composite number?
False
Is 62329013 composite?
True
Is 5555149 a prime number?
True
Is 37471919 prime?
True
Is 232592407 a prime number?
True
Is 4128071 prime?
False
Is 98810329 a prime number?
True
Is 937941359 composite?
False
Is 387911 a composite number?
False
Is 129368749 prime?
True
Is 311704273 composite?
False
Is 90501449 a prime number?
True
Is 31927697 composite?
True
Is 101158427 a composite number?
False
Is 7022569 composite?
False
Is 32240366 a composite number?
True
Is 17095297 a composite number?
True
Is 32736217 prime?
False
Is 9828919 a composite number?
False
Is 24853429 prime?
True
Is 119597581 a prime number?
True
Is 1468717 a prime number?
True
Is 126500653 a composite number?
False
Is 14863483 composite?
False
Is 800383 prime?
False
Is 9067087 composite?
False
Is 89723687 composite?
True
Is 1766341 a composite number?
True
Is 58130705 prime?
False
Is 34493777 a prime number?
True
Is 63014339 a composite number?
False
Is 708869 composite?
True
Is 1423003 a composite number?
False
Is 111200807 prime?
True
Is 4744823 a prime number?
False
Is 23718907 composite?
False
Is 3095369 prime?
True
Is 16630865 a composite number?
True
Is 81659353 a prime number?
False
Is 319099 a composite number?
True
Is 8397671 prime?
False
Is 16204211 prime?
True
Is 584014639 a composite number?
True
Is 2239259 prime?
False
Is 12787567 prime?
False
Is 344419 a composite number?
True
Is 51275739 a prime number?
False
Is 2832859 composite?
True
Is 138843613 prime?
True
Is 1545983 composite?
False
Is 2751012847 prime?
False
Is 43177649 composite?
True
Is 18504881 prime?
False
Is 338407 prime?
True
Is 1818899 a prime number?
False
Is 15392617 prime?
True
Is 9791641 a composite number?
False
Is 2859827 prime?
False
Is 284023 composite?
False
Is 397549213 a prime number?
False
Is 180994907 composite?
False
Is 23791957 composite?
True
Is 179527133 a composite number?
False
Is 16252363 prime?
True
Is 27993827 a prime number?
False
Is 4096319 a composite number?
False
Is 62815027 a prime number?
False
Is 33145361 composite?
True
Is 24589313 a composite number?
True
Is 46699727 prime?
False
Is 2095043 a prime number?
False
Is 304161331 a composite number?
True
Is 4054191 composite?
True
Is 9473141 prime?
True
Is 1691987 a composite number?
True
Is 1479943 a composite number?
True
Is 5658229 prime?
False
Is 86887379 a composite number?
False
Is 1255923835 a prime number?
False
Is 20894443 a prime number?
True
Is 60883582 a composite number?
True
Is 5394086 prime?
False
Is 4892309 composite?
False
Is 8848571 prime?
True
Is 49663723 a composite number?
True
Is 3898087 prime?
True
Is 953136373 composite?
True
Is 1451257 a prime number?
True
Is 295106767 prime?
False
Is 1032137 composite?
True
Is 1354127 a composite number?
False
Is 23457527 composite?
True
Is 97857823 composite?
True
Is 20076937 prime?
True
Is 402866719 a prime number?
True
Is 2246461 a prime number?
False
Is 82292345 prime?
False
Is 3192977 prime?
True
Is 93351103 a composite number?
False
Is 1873471 a prime number?
True
Is 1893007 composite?
True
Is 35855657 a prime number?
False
Is 21462242 a composite number?
True
Is 2453027 a prime number?
True
Is 141595507 a prime number?
False
Is 18919105 a composite number?
True
Is 106555447 a prime number?
True
Is 88382527 composite?
False
Is 115874357 a prime number?
False
Is 4148259 prime?
False
Is 4601381 a prime number?
False
Is 4001089 prime?
True
Is 8284709 a prime number?
True
Is 3124361 a composite number?
False
Is 30938569 a composite number?
False
Is 280428959 a composite number?
False
Is 10123 prime?
False
Is 4569869 prime?
False
Is 2971583 a composite number?
True
Is 2694847 prime?
True
Is 26340269 a composite number?
False
Is 145961029 composite?
False
Is 48233219 prime?
True
Is 2767553 composite?
False
Is 609859 composite?
False
Is 408727643 prime?
False
Is 42058579 prime?
False
Is 41437661 a composite number?
False
Is 1883419 a composite number?
True
Is 24206891 prime?
True
Is 81439 prime?
True
Is 73329211 prime?
False
Is 20149271 prime?
True
Is 176180779 a composite number?
True
Is 20721427 composite?
True
Is 132449357 prime?
True
Is 60097151 a prime number?
True
Is 1474822 prime?
False
Is 13128887 prime?
False
Is 3775297 a prime number?
True
Is 1293701 prime?
True
Is 13267577 a composite number?
True
Is 198569159 prime?
True
Is 2738935 prime?
False
Is 29227334 prime?
False
Is 11932201 a composite number?
False
Is 19780303 a composite number?
True
Is 1105723 composite?
True
Is 15118589 a prime number?
False
Is 213403105 composite?
True
Is 10703629 composite?
False
Is 78728501 composite?
False
Is 73995087 composite?
True
Is 530879 a composite number?
True
Is 7875793 prime?
True
Is 675565823 a prime number?
True
Is 1125493 a composite number?
True
Is 13550657 prime?
False
Is 55753549 composite?
False
Is 692800091 prime?
True
Is 9371 a prime number?
True
Is 75469189 composite?
False
Is 2882821 prime?
False
Is 154949 prime?
False
Is 16802693 prime?
False
Is 10012615 composite?
True
Is 76209629 composite?
False
Is 1414427 prime?
False
Is 17635381 prime?
True
Is 2225221 composite?
False
Is 1010593 a composite number?
True
Is 1608037 composite?
False
Is 13148569 prime?
False
Is 6033299 composite?
False
Is 5710667 composite?
False
Is 96206729 prime?
True
Is 265318349 composite?
False
Is 1948247 a composite number?
True
Is 200569 prime?
True
Is 1651961 composite?
False
Is 151669741 a composite number?
False
Is 11027 prime?
True
Is 16988201 prime?
True
Is 4732361 a prime number?
True
Is 38123573 composite?
False
Is 162630419 a prime number?
False
Is 151636567 a prime number?
True
Is 30418827 a composite number?
True
Is 34397665 a prime number?
False
Is 16116239 a composite number?
True
Is 6765713 a composite number?
True
Is 290902571 prime?
True
Is 934633 composite?
True
Is 16665199 a composite number?
True
Is 3171113 composite?
True
Is 20386727 composite?
True
Is 4955081 a composite number?
False
Is 495699599 a prime number?
False
Is 429330041 composite?
True
Is 17209481 a composite number?
False
Is 3910843 prime?
True
Is 23159539 a composite number?
True
Is 1572443 a composite number?
False
Is 14943907 a prime number?
False
Is 440159 a composite number?
False
Is 467653 a prime number?
False
Is 4394681 composite?
True
Is 5331995 prime?
False
Is 5386643 composite?
True
Is 766501 a prime number?
True
Is 103141 a prime number?
True
Is 7248641 a prime number?
False
Is 37275313 a prime number?
False
Is 2819519 a composite number?
False
Is 79798469 composite?
False
Is 750391 a prime number?
False
Is 1071469 prime?
False
Is 50189417 prime